he first derivative of b(n). Determine c(3).
4
Suppose 5*c + 3 = -22. Let j = -2 - c. Let r(s) be the first derivative of -2*s**2 + 4*s + 4. Determine r(j).
-8
Let g(v) = v**2 + 4*v + 18. Let s(k) = k**2 + 5*k + 17. Let w(l) = -5*g(l) + 6*s(l). Calculate w(-8).
-4
Let f(c) = -2*c - 2*c - 2*c - 3 + 11*c + c**2. Give f(-6).
3
Let z(v) = -5*v**3 + v**2 + 4*v + 2. Let t be z(-1). Let x(c) be the third derivative of -c**2 - 1/24*c**t + 0 + 1/3*c**3 + 0*c. What is x(-5)?
7
Let j(p) = -11*p - 7. Let h(a) = a + 1. Let g = -1 + 6. Suppose g*i + 5 + 20 = 0, -n = i + 4. Let u(b) = n*j(b) + 6*h(b). Give u(1).
-6
Suppose 10*y + 33 = -47. Let a(k) = -k**3 - 9*k**2 - 7*k + 1. Determine a(y).
-7
Let t = -5 + 11. Suppose j - t*x + 12 = -x, -4*j - x = -15. Let h = j - 5. Let r(f) = -2*f**3 - 3*f**2 - f - 1. Determine r(h).
5
Let l = 0 + 13. Let h = 3 + 0. Suppose 0 = -h*i + u - l - 0, -2*u = -2. Let w(j) = -j**2 - 4*j + 5. Determine w(i).
5
Let k(a) = -7. Let p(f) = -f. Let m(b) = k(b) + p(b). Determine m(-3).
-4
Suppose -3*g + 5*g = 2. Let m(f) = -9*f**2 + f - 1. What is m(g)?
-9
Let g(o) = -14*o. Let v be g(-1). Let i be (-32)/v + 2/7. Let r(x) = -1 + 5*x + 2*x**2 - 6*x - 3*x**2 - 1. Give r(i).
-4
Let l(b) = -b - 1. Suppose -23*m + 18*m = 0. Suppose m*h - 24 = -4*h. Give l(h).
-7
Let o(k) = k**2 - 8*k - 1. Let a = 39 - 31. Determine o(a).
-1
Let w(g) = -g. Let s be w(-2). Let f(r) = -r - 1. Let x(k) = 4*k - 6. Let p(a) = 4*f(a) - x(a). Determine p(s).
-14
Suppose 0 = -5*d - 5, -22 = 3*q + 2*q + 2*d. Let c = q + 6. Let m(v) = -c*v**2 + 5*v + 1 + 2 + 3*v**2. Give m(-4).
-1
Suppose 3*m - 2*m - 5 = 0. Let o(v) = -5*v - 3. Let y(f) = 14*f + 8. Let u(w) = 17*o(w) + 6*y(w). Give u(m).
-8
Let u(h) = -h**2. Let g(m) = 6*m**2 - m - 2. Let k(b) = g(b) + 5*u(b). Suppose -3*q - 8 = -2. Calculate k(q).
4
Let m(b) = b**2 + 7*b - 3. Let k(a) = -4*a**2 - 29*a + 12. Let w(j) = -2*k(j) - 9*m(j). Suppose i - 3*i - 12 = 0. What is w(i)?
-3
Let c(y) be the second derivative of y**3/3 - y**2/2 - 12*y - 1. Determine c(2).
3
Suppose -4*u + r = -r - 6, -r = -5*u + 15. Let i(z) be the third derivative of -z**4/24 - 5*z**2 + 5. Calculate i(u).
-4
Let n(f) = -f**3 - 6*f**2 - f. Let v be n(-6). Let w(d) = 4*d - v + 11 - 5*d. Give w(5).
0
Let w(l) = -8*l**2 + l**3 + 4*l + 61 - 73 - 10*l. Give w(9).
15
Suppose 3*r - 6 = -0. Let z(n) = 2*n**3 + 6*n**r + n**2 + 7*n + 0*n**3 + 3 - n**3. Let a(x) = -x**3 + 7*x**2 - 7*x. Let p be a(6). Determine z(p).
-3
Let n(r) = 1 - 8*r**2 - 78*r - 69*r - 75*r + 221*r. Determine n(1).
-8
Let j(a) = a**3 - a**2 + a + 5. Let k(r) = -r**3 + 9*r**2 - 9*r + 8. Let f be k(8). What is j(f)?
5
Let c be (-21)/12 - (-3)/(-12). Let t be ((-18)/(-12))/((-3)/(-4)). Let x(h) = 2*h**2 - 5*h**2 + 0*h**3 + t - h**3. What is x(c)?
-2
Let r(u) = -u**2 - 4*u - 1. Let d(n) = -n**2 + 4*n. Let g be d(4). Suppose g = 5*x - 2*x + 5*k + 30, -3*k + 6 = -3*x. Determine r(x).
-6
Let x(z) be the first derivative of -23*z**2/2 + z + 13. Calculate x(1).
-22
Let w(s) = -s - 2. Let f be (-1)/((2/(-2))/(-7)). Calculate w(f).
5
Let d be -3*(5/(-5) + -1). Let s(h) = h**3 - 6*h**2 - h + 8. Give s(d).
2
Let u(l) = -9*l**3 + 1. Let d(v) be the third derivative of v**4/24 + v**3/2 + 3*v**2. Let p be d(-4). Give u(p).
10
Let q = 6 + 0. Suppose 3*h - q = h. Let f(m) = -6 - m**h + 3*m**2 + m**3 + 6*m - m**3. What is f(4)?
2
Let z be ((-44)/(-77))/(4/14). Let d(n) = -n**2 + n + 1. Calculate d(z).
-1
Let q(l) be the first derivative of -1/3*l**3 + 1/10*l**5 + 1/2*l**2 + 2*l + 1/6*l**4 + 1. Let y(z) be the first derivative of q(z). Calculate y(1).
3
Let f(q) = q**3 - q**2 - q - 9. Let w(k) = -k**2 + 10*k - 9. Let p be w(9). Give f(p).
-9
Let p(q) = q**2 - 8*q + 1. Let h be p(8). Suppose o = 1 + h. Let b(u) = o + 12*u - 2 - 13*u. Calculate b(0).
0
Let o be 2 + -2*(-2)/(-4). Let b(l) be the first derivative of -3*l**2/2 + l + 1. Calculate b(o).
-2
Let f(q) = 8 + 7*q - 10*q - 1. What is f(7)?
-14
Let n(o) = -4*o - 3. Let s be -2 - (3 + -8) - 8. Give n(s).
17
Let n(p) = -p + 3*p**2 - 4*p**2 + 54 - 31. Determine n(0).
23
Suppose -16 = -2*r - 8. Let i(k) = -2*k**2 + 4*k + 5. Give i(r).
-11
Let o(b) = -5*b + b + 5*b + 5 + 2*b. Calculate o(-4).
-7
Let u(p) = -5*p + 3. Let k be -2 - (5 - (-1 - -4)). Determine u(k).
23
Suppose -a + 8 = 4*r, -6*r + 20 = -2*a - 2*r. Let l be (0 - (-10)/a)*2. Let m(o) = -o. Give m(l).
5
Let l(w) = -w**2 + 7*w - 6. Suppose -2*t + 19 = 2*h + 3*h, -12 = -4*h. Suppose t*m - 5 = 7. Suppose 7 = -0*g + g + i, 2*i = m. Determine l(g).
6
Let b be 26/(-8) + (-1)/(-4). Suppose 2*m - 3*m = -2*t, 0 = 5*t - 3*m + 2. Let p(l) = 6 - 2*l - l**2 - t - 1. Determine p(b).
0
Suppose 4*g = 3 + 5, r - 3*g = -6. Let q(l) be the first derivative of 0*l**2 - 1 + 0*l**3 - 1/4*l**4 + 5*l. Give q(r).
5
Let w(z) = 2*z + 10. Suppose 3*g - 4*s = -12, 3*g - 4*s - s = -9. What is w(g)?
-6
Let f(q) be the first derivative of 3*q**2 + 1/3*q**3 + 2*q + 1. Let d(x) = x**3 - 8*x**2 - 2*x + 11. Let c be d(8). Give f(c).
-3
Let o(a) be the first derivative of 3*a**2 - 2*a - 21. Let t(v) = -v - 7. Let u be t(-5). Give o(u).
-14
Let r be 32/6 - 1/3. Suppose -3*c = -r*c - 6. Let z(p) = p**3 + 3*p**2 + 2. What is z(c)?
2
Let r(z) = -z**3 - 3*z**2 + 2*z. Let j(y) = -y**3. Let n(m) = -2*j(m) + r(m). Determine n(3).
6
Let a = 12 + -9. Let k(o) = o**3 - a - 8*o**2 + o + 2 + 5*o. Determine k(7).
-8
Let b(y) = 16*y - 10*y - y**2 + 4 - 6. Give b(6).
-2
Let h(m) be the third derivative of m**6/180 - m**5/40 - m**4/12 - m**2. Let f(u) be the second derivative of h(u). Determine f(3).
9
Let k(r) = r + 12. Let x be k(-17). Let a(t) = t**3 + 5*t**2 + t - 3. Calculate a(x).
-8
Suppose -3*b + 3*f - 1 = 2, -5*b + 30 = 2*f. Let g(p) = -5*p + 6. Calculate g(b).
-14
Let i be ((-2)/6)/((-8)/16). Let h(m) be the first derivative of m - m**2 + 1 + i*m**3. Determine h(1).
1
Let y(j) = -j**3 + 7*j**2 - 5*j + 3. Suppose -13*o = -9*o - 12. Suppose 0 = w + s - 6*s - 26, 0 = -2*w - o*s. Calculate y(w).
9
Let z(j) be the second derivative of 1/20*j**5 - 1/2*j**4 + 1/2*j**3 + 0 + 7/2*j**2 - 2*j. Give z(5).
-3
Suppose 36 = -5*p - p. Let f(g) = -g - 6. What is f(p)?
0
Let a = 1 + 1. Let b(c) be the second derivative of -c**5/20 + 5*c**4/12 - 2*c**3/3 + c**2 + 127*c. Calculate b(a).
6
Let q(l) = -2*l + l - 2 + 2*l. Let x be 2/(-10) - (-5)/25. Suppose i + 0 + 5 = x. Calculate q(i).
-7
Let m(d) = d + 9. Suppose -9*h + 14*h + 25 = 0. What is m(h)?
4
Suppose 3*c = 6, 0*y - y - 5*c = -11. Let b(w) be the first derivative of w**2 - w + 5. Give b(y).
1
Let a(t) = -6*t**2 + t**2 + t + 4 - t**3 - 2 + 1. Suppose -4*r = -4*z - 32, 0*z = -5*r + 2*z + 40. Suppose -r*b = -3*b + 25. Determine a(b).
-2
Let k(r) be the second derivative of -r**4/12 - r**3/6 - r**2/2 + 5*r. Give k(3).
-13
Let r(m) = -39*m + 12*m - 6 + 14*m + 12*m. What is r(-6)?
0
Let l(s) = -3*s + 2. Let a(o) = -6*o + 5. Let i(j) = 4*a(j) - 9*l(j). Give i(-5).
-13
Let y(h) be the first derivative of h**4/8 + h**2 + 2. Let b(k) be the second derivative of y(k). Suppose 2*z + 2 = 4*s, z = -4*s + 5*s. Give b(s).
3
Let c(q) be the first derivative of q**6/360 - q**5/120 - q**4/6 + 5*q**3/3 + 2. Let u(k) be the third derivative of c(k). What is u(-3)?
8
Let x = 8 - 4. Let n(m) = m**2 + 6. Let o(p) = p**2 - p + 1. Let r(b) = n(b) - 2*o(b). Calculate r(x).
-4
Let p(b) = -b**2 - 2*b + 1. Let h be p(-3). Let j be (-3 - 0)*(h - -1). Let t(y) = -2*y + 5. Let q(x) = 2*x - 6. Let c(n) = 5*q(n) + 6*t(n). What is c(j)?
-6
Suppose 2*r = -r + 15. Suppose r*k + 0*k - 10 = 0. Let s(n) = 4 + n - 3 + 2 - 1. What is s(k)?
4
Suppose 0 = 5*j - 2*c - 5, 4*c + c = 5*j - 20. Let p = j + 2. Let o be (-1)/(-2) - p/2. Let d(y) = y**2 - y - 1. What is d(o)?
-1
Let a(y) be the second derivative of -y**4/12 + y**3/2 + 3*y**2/2 + 3*y. What is a(-2)?
-7
Let h(x) = -3*x. Let m(n) = n**3 - 2*n**2 - 10*n + 9. Let u be m(4). What is h(u)?
-3
Let t(i) be the second derivative of -i**6/180 - i**5/120 - i**4/4 + 2*i. Let s(b) be the third derivative of t(b). Calculate s(-2).
7
Let f(r) = -r**3 - r**2 - r - 1. Let t(d) = 5*d**3 + d**2 + 5*d + 6. Let z(o) = 6*f(o) + t(o). Give z(-4).
-12
Let h(m) be the third derivative of -m**6/120 - m**5/15 + m**4/24 + 5*m**3/6 + 17*m**2. Determine h(-4).
1
Let t(z) = z**2 - z - 6. Suppose c + 3*c - 2 = -2*y, 5*c